factor of 429 and 35106643?
143
What is the greatest common divisor of 576 and 362188?
4
Calculate the highest common factor of 9 and 112638759.
3
Calculate the highest common factor of 429752 and 11184.
8
Calculate the greatest common divisor of 4240068 and 840.
84
Calculate the highest common factor of 85 and 17239003.
17
What is the highest common factor of 54543145 and 5?
5
What is the highest common factor of 59897 and 780441?
89
Calculate the greatest common divisor of 25490 and 83540.
10
What is the highest common divisor of 11 and 94018287?
11
Calculate the highest common divisor of 27617040 and 30.
30
Calculate the greatest common factor of 99225560 and 7000.
280
What is the highest common factor of 88344 and 6588?
108
Calculate the greatest common factor of 4938974 and 69.
23
Calculate the greatest common factor of 12684 and 836540.
604
What is the highest common factor of 14766268 and 95?
19
What is the highest common divisor of 66 and 28118178?
66
Calculate the highest common divisor of 524 and 816606316.
524
Calculate the highest common factor of 902313 and 127305.
621
Calculate the highest common factor of 19185079 and 57.
19
Calculate the greatest common factor of 1196 and 16668652.
1196
Calculate the greatest common factor of 256176 and 10789635.
1779
Calculate the highest common factor of 824976 and 119952.
2448
What is the highest common factor of 445 and 8597845?
445
What is the highest common divisor of 420 and 5484528?
84
Calculate the highest common divisor of 6804114 and 119.
17
What is the highest common factor of 33636 and 144?
12
What is the greatest common divisor of 8032612 and 14812?
644
What is the greatest common divisor of 219 and 169874869?
73
Calculate the greatest common divisor of 105270 and 5343018.
174
Calculate the highest common divisor of 128821 and 21329.
77
What is the highest common factor of 29600 and 3871088?
592
What is the highest common divisor of 8030499268 and 44?
44
Calculate the highest common divisor of 309 and 26309805.
309
Calculate the greatest common divisor of 25754007 and 2955.
591
Calculate the greatest common divisor of 6337 and 2818.
1
What is the highest common divisor of 88 and 2042744?
88
What is the highest common divisor of 16181132 and 25916?
1364
What is the greatest common divisor of 56 and 832244?
28
Calculate the highest common divisor of 210782 and 7403902.
1474
Calculate the highest common divisor of 27453227 and 29.
29
What is the greatest common factor of 2287813896 and 408?
408
Calculate the highest common factor of 14711832 and 132.
12
What is the highest common divisor of 11493 and 17580459?
3831
What is the greatest common divisor of 1800939 and 2865?
573
What is the greatest common divisor of 395 and 1896553?
79
What is the greatest common divisor of 8743455 and 238497?
861
What is the highest common factor of 4972305 and 593?
593
What is the greatest common divisor of 13026 and 270114?
78
What is the highest common divisor of 604169 and 149120?
233
What is the greatest common factor of 1908 and 16796601?
477
Calculate the greatest common divisor of 2510312 and 10304.
1288
What is the highest common factor of 1794514190 and 140?
70
Calculate the greatest common factor of 97934 and 25162.
46
What is the greatest common factor of 11343768 and 5790?
1158
What is the greatest common factor of 416 and 44615792?
208
What is the highest common divisor of 125532063 and 1503?
1503
What is the greatest common divisor of 304 and 5920336?
16
What is the greatest common factor of 1278 and 500796?
18
Calculate the greatest common factor of 212388 and 8112.
12
Calculate the highest common factor of 73511 and 6413.
53
What is the highest common divisor of 2187 and 560304?
27
Calculate the greatest common divisor of 112 and 49091518.
14
Calculate the highest common divisor of 4416 and 108146.
46
What is the greatest common factor of 1200 and 10609350?
150
Calculate the greatest common divisor of 1001 and 77024948.
1001
Calculate the highest common factor of 4366167 and 273.
39
Calculate the greatest common divisor of 58410107 and 1736.
217
Calculate the highest common factor of 2407137 and 3241.
463
What is the greatest common factor of 38 and 13586938?
38
Calculate the highest common divisor of 88344 and 223635474.
7362
What is the greatest common divisor of 7668 and 4078524?
852
Calculate the greatest common factor of 4880 and 1797352.
8
What is the greatest common factor of 481175 and 1206483?
1013
Calculate the highest common divisor of 2998 and 62433350.
2998
What is the highest common divisor of 208 and 219658244?
52
What is the greatest common divisor of 115986 and 346814?
26
Calculate the greatest common factor of 29975 and 9041005.
545
Calculate the greatest common divisor of 20 and 555875850.
10
What is the greatest common divisor of 129274173 and 5964?
1491
What is the greatest common factor of 2284326 and 1782?
198
What is the highest common divisor of 29256 and 39763992?
1272
What is the greatest common divisor of 518432343 and 5577?
5577
What is the greatest common divisor of 1775 and 18800?
25
What is the greatest common factor of 522 and 1542626?
58
What is the greatest common divisor of 20 and 18455640?
20
What is the highest common factor of 67872834 and 2709?
387
What is the greatest common divisor of 1432722550 and 6650?
6650
What is the highest common factor of 9567044 and 19476?
2164
What is the greatest common factor of 646632 and 29862?
126
Calculate the greatest common divisor of 383 and 988239197.
383
Calculate the greatest common divisor of 2677 and 632.
1
What is the greatest common factor of 8108562 and 84?
42
What is the highest common divisor of 3066 and 3067638?
42
Calculate the greatest common divisor of 1615 and 1608445.
95
Calculate the highest common divisor of 1664 and 3130784.
32
What is the greatest common factor of 4654411 and 265896?
1231
Calculate the highest common factor of 657619 and 71959.
227
Calculate the greatest common factor of 5096 and 871567606.
1274
What is the greatest common divisor of 6006 and 668976?
462
What is the greatest common factor of 31 and 744892831?
31
What is the highest common divisor of 2480482845 and 405?
405
What is the greatest common factor of 48994022 and 4312?
1078
What is the highest common divisor of 1042370 and 19040?
70
What is the highest common divisor of 2802 and 267233278?
934
What is the greatest common divisor of 224 and 79814?
14
Calculate the highest common factor of 3432 and 7473972.
132
What is the highest common divisor of 24487758 and 2129?
2129
Calculate the highest common divisor of 252 and 113168781.
9
What is the highest common divisor of 65322 and 17480893?
3629
What is the highest common divisor of 98 and 1887198?
2
What is the greatest common divisor of 247 and 2315859?
13
What is the highest common divisor of 177 and 29653459?
59
What is the greatest common factor of 1815602589 and 20102?
10051
What is the highest common factor of 1152 and 478589952?
384
What is the greatest common factor of 4232 and 380872?
8
What is the highest common factor of 27 and 16709283?
9
What is the greatest common divisor of 1845 and 97745985?
45
What is the highest common divisor of 335 and 1500087455?
335
Calculate the greatest common factor of 900832 and 12704.
32
What is the highest common factor of 64127145 and 87301?
1303
Calculate the greatest common divisor of 2919 and 15183.
21
What is the greatest common divisor of 181400 and 14450?
50
What is the highest common divisor of 2889 and 248643?
27
Calculate the greatest common divisor of 979684 and 212539.
257
What is the greatest common divisor of 154 and 111750562?
154
What is the greatest common factor of 440400375 and 4725?
675
What is the highest common divisor of 76477 and 775?
31
Calculate the highest common factor of 640931 and 51811.
263
What is the highest common divisor of 281 and 69306402?
281
Calculate the highest common divisor of 157 and 359373.
157
What is the highest common divisor of 5978135 and 85?
85
Calculate the greatest common factor of 68964832 and 152.
152
Calculate the highest common divisor of 429091 and 97682.
169
What is the highest common factor of 56 and 15223880?
56
Calculate the highest common factor of 8 and 